{"id":505,"date":"2025-01-20T21:46:02","date_gmt":"2025-01-20T20:46:02","guid":{"rendered":"https:\/\/damienvial.com\/wordpress\/?page_id=505"},"modified":"2026-03-29T19:18:22","modified_gmt":"2026-03-29T18:18:22","slug":"about-us","status":"publish","type":"page","link":"http:\/\/damienvial.com\/wordpress\/?page_id=505","title":{"rendered":"ABOUT US \/ CONTACT"},"content":{"rendered":"\n<p><strong>DAMIEN VIAL<\/strong> \/\/ Global Art&nbsp;Designer<\/p>\n\n\n\n<blockquote class=\"wp-block-quote is-layout-flow wp-block-quote-is-layout-flow\">\n<figure class=\"wp-block-image size-full is-resized\"><img loading=\"lazy\" decoding=\"async\" width=\"300\" height=\"300\" src=\"http:\/\/damienvial.com\/wordpress\/wp-content\/uploads\/2025\/01\/IMG_2516_DAMIEN.jpg\" alt=\"\" class=\"wp-image-513\" style=\"width:262px;height:auto\" srcset=\"http:\/\/damienvial.com\/wordpress\/wp-content\/uploads\/2025\/01\/IMG_2516_DAMIEN.jpg 300w, http:\/\/damienvial.com\/wordpress\/wp-content\/uploads\/2025\/01\/IMG_2516_DAMIEN-200x200.jpg 200w, http:\/\/damienvial.com\/wordpress\/wp-content\/uploads\/2025\/01\/IMG_2516_DAMIEN-60x60.jpg 60w, http:\/\/damienvial.com\/wordpress\/wp-content\/uploads\/2025\/01\/IMG_2516_DAMIEN-250x250.jpg 250w\" sizes=\"auto, (max-width: 300px) 100vw, 300px\" \/><\/figure>\n\n\n\n<p>Je suis Damien Vial.<\/p>\n\n\n\n<p>Je cr\u00e9e et exp\u00e9rimente depuis enfant. Mon travail s\u2019est construit dans le temps, entre recherche personnelle et exp\u00e9rimentations, nourri par un passage en \u00e9cole d\u2019arts graphiques et plusieurs expositions, notamment \u00e0 Paris, Rouen et Le Havre.<\/p>\n\n\n\n<p>Ma d\u00e9marche est avant tout guid\u00e9e par l\u2019envie d\u2019explorer. J\u2019avance par essais, par gestes, par intuitions. J\u2019aime tester, provoquer des r\u00e9actions, laisser une place \u00e0 l\u2019accident. La mati\u00e8re devient un terrain d\u2019exp\u00e9rimentation, un espace o\u00f9 quelque chose peut \u00e9merger sans \u00eatre totalement pr\u00e9vu.<\/p>\n\n\n\n<p>Au c\u0153ur de mon travail, il y a cette volont\u00e9 de faire coexister le concept et l\u2019\u00e9motion. Penser une \u0153uvre, tout en laissant une place \u00e0 ce qui \u00e9chappe, \u00e0 ce qui se ressent plus que \u00e7a ne s\u2019explique.<\/p>\n\n\n\n<p>Cr\u00e9er est pour moi une mani\u00e8re de lutter contre l\u2019indiff\u00e9rence. Une fa\u00e7on de capter l\u2019attention, de provoquer une sensation, m\u00eame fugace. J\u2019essaie de produire des formes qui interrogent, qui vibrent, qui laissent une trace.<\/p>\n\n\n\n<p>Mon travail n\u2019est pas fig\u00e9. Il \u00e9volue, se transforme, au fil des recherches et des s\u00e9ries. Chaque pi\u00e8ce est une tentative, une exploration, un moment.<\/p>\n<\/blockquote>\n\n\n\n<p><strong><a href=\"mailto:contact@damienvial.com\">contact@damienvial.com<\/a><\/strong><br>Chamonix \/ Gen\u00e8ve \/ Lyon \/ Paris \/ Meg\u00e8ve<\/p>\n\n\n\n<p><\/p>\n","protected":false},"excerpt":{"rendered":"<p>DAMIEN VIAL \/\/ Global Art&nbsp;Designer contact@damienvial.comChamonix \/ Gen\u00e8ve \/ Lyon \/ Paris \/ Meg\u00e8ve<\/p>\n","protected":false},"author":1,"featured_media":0,"parent":0,"menu_order":0,"comment_status":"closed","ping_status":"closed","template":"","meta":{"footnotes":""},"class_list":["post-505","page","type-page","status-publish","hentry"],"_links":{"self":[{"href":"http:\/\/damienvial.com\/wordpress\/index.php?rest_route=\/wp\/v2\/pages\/505","targetHints":{"allow":["GET"]}}],"collection":[{"href":"http:\/\/damienvial.com\/wordpress\/index.php?rest_route=\/wp\/v2\/pages"}],"about":[{"href":"http:\/\/damienvial.com\/wordpress\/index.php?rest_route=\/wp\/v2\/types\/page"}],"author":[{"embeddable":true,"href":"http:\/\/damienvial.com\/wordpress\/index.php?rest_route=\/wp\/v2\/users\/1"}],"replies":[{"embeddable":true,"href":"http:\/\/damienvial.com\/wordpress\/index.php?rest_route=%2Fwp%2Fv2%2Fcomments&post=505"}],"version-history":[{"count":24,"href":"http:\/\/damienvial.com\/wordpress\/index.php?rest_route=\/wp\/v2\/pages\/505\/revisions"}],"predecessor-version":[{"id":561,"href":"http:\/\/damienvial.com\/wordpress\/index.php?rest_route=\/wp\/v2\/pages\/505\/revisions\/561"}],"wp:attachment":[{"href":"http:\/\/damienvial.com\/wordpress\/index.php?rest_route=%2Fwp%2Fv2%2Fmedia&parent=505"}],"curies":[{"name":"wp","href":"https:\/\/api.w.org\/{rel}","templated":true}]}}